{"id":87,"date":"2025-05-16T14:59:16","date_gmt":"2025-05-16T14:59:16","guid":{"rendered":"https:\/\/www.ruzinovmladym.sk\/?page_id=87"},"modified":"2025-07-10T15:05:22","modified_gmt":"2025-07-10T15:05:22","slug":"o-projekte","status":"publish","type":"page","link":"https:\/\/www.ruzinovmladym.sk\/?page_id=87","title":{"rendered":"O projekte"},"content":{"rendered":"\n<p class=\"wp-block-paragraph\">Projekt <strong>Ru\u017einov pre mlad\u00fdch <\/strong>vznikol ako odpove\u010f na dlhodobo n\u00edzku \u00fa\u010das\u0165 mlad\u00fdch \u013eud\u00ed na verejnom dian\u00ed a rozhodovac\u00edch procesoch v samospr\u00e1ve. Jeho cie\u013eom je posilni\u0165 ob\u010diansku anga\u017eovanos\u0165 mlad\u00fdch \u013eud\u00ed v mestskej \u010dasti Bratislava \u2013 Ru\u017einov a vytvori\u0165 podmienky na to, aby sa mlad\u00ed \u013eudia mohli akt\u00edvne a zmysluplne zap\u00e1ja\u0165 do rozhodnut\u00ed, ktor\u00e9 ovplyv\u0148uj\u00fa ich ka\u017edodenn\u00fd \u017eivot. Z\u00e1kladom projektu je presved\u010denie, \u017ee mlad\u00ed \u013eudia maj\u00fa \u010do poveda\u0165 a ich n\u00e1zory a potreby si zasl\u00fa\u017eia by\u0165 vypo\u010dut\u00e9 a zoh\u013eadnen\u00e9.<\/p>\n\n\n\n<p class=\"wp-block-paragraph\">Projekt prebieha po\u010das cel\u00e9ho roka 2025 a pozost\u00e1va z aktiv\u00edt, ktor\u00e9 s\u00fa navrhnut\u00e9 tak, aby mlad\u00ed \u013eudia mohli postupne spozn\u00e1va\u0165, vyjadrova\u0165 sa a zap\u00e1ja\u0165 sa do rozhodovac\u00edch procesov v mestskej \u010dasti. Aktivity s\u00fa rozdelen\u00e9 do nieko\u013ek\u00fdch f\u00e1z \u2013 od zberu inform\u00e1ci\u00ed a mapovania potrieb, cez vzdel\u00e1vacie a diskusn\u00e9 podujatia, a\u017e po tvorbu strategick\u00e9ho dokumentu a zdie\u013eanie v\u00fdsledkov so \u0161irokou verejnos\u0165ou. Ka\u017ed\u00e1 z t\u00fdchto f\u00e1z m\u00e1 svoj v\u00fdznam a prispieva k budovaniu silnej\u0161ieho hlasu ml\u00e1de\u017ee v mestskej \u010dasti Bratislava \u2013 Ru\u017einov.<\/p>\n\n\n<div class=\"wp-block-image\">\n<figure class=\"aligncenter size-large\"><img fetchpriority=\"high\" decoding=\"async\" width=\"1024\" height=\"558\" src=\"https:\/\/www.ruzinovmladym.sk\/wp-content\/uploads\/2025\/07\/05-1024x558.jpg\" alt=\"\" class=\"wp-image-216\" srcset=\"https:\/\/www.ruzinovmladym.sk\/wp-content\/uploads\/2025\/07\/05-1024x558.jpg 1024w, https:\/\/www.ruzinovmladym.sk\/wp-content\/uploads\/2025\/07\/05-300x164.jpg 300w, https:\/\/www.ruzinovmladym.sk\/wp-content\/uploads\/2025\/07\/05-768x419.jpg 768w, https:\/\/www.ruzinovmladym.sk\/wp-content\/uploads\/2025\/07\/05-1536x837.jpg 1536w, https:\/\/www.ruzinovmladym.sk\/wp-content\/uploads\/2025\/07\/05-2048x1116.jpg 2048w\" sizes=\"(max-width: 1024px) 100vw, 1024px\" \/><\/figure>\n<\/div>\n\n\n<p class=\"wp-block-paragraph\">  <\/p>\n\n\n\n<p class=\"wp-block-paragraph\">V r\u00e1mci projektu sa vytv\u00e1ra priestor na otvoren\u00fd a kon\u0161trukt\u00edvny dial\u00f3g medzi mlad\u00fdmi \u013eu\u010fmi a z\u00e1stupcami samospr\u00e1vy. Spolo\u010dne h\u013ead\u00e1me odpovede na ot\u00e1zky, \u010do mlad\u00ed \u013eudia v Ru\u017einove potrebuj\u00fa, ak\u00e9 maj\u00fa predstavy o \u017eivote vo svojej komunite a ako by mohla samospr\u00e1va reagova\u0165 na ich podnety. Okrem samotn\u00e9ho dial\u00f3gu je cie\u013eom aj systematick\u00e9 zmapovanie potrieb ml\u00e1de\u017ee a vytvorenie <strong>koncepcie rozvoja pr\u00e1ce s ml\u00e1de\u017eou<\/strong>, ktor\u00e1 bude sl\u00fa\u017ei\u0165 ako praktick\u00fd a strategick\u00fd dokument pre \u010fal\u0161ie smerovanie ml\u00e1de\u017en\u00edckej politiky v mestskej \u010dasti.<\/p>\n\n\n\n<p class=\"wp-block-paragraph\">Projekt reaguje aj na zistenia z prieskumov, pod\u013ea ktor\u00fdch mlad\u00ed \u013eudia na Slovensku \u010dasto nec\u00edtia d\u00f4veru vo\u010di verejn\u00fdm in\u0161tit\u00faci\u00e1m, maj\u00fa pocit, \u017ee ich hlas nem\u00e1 v\u00e1hu, a \u017ee nemaj\u00fa re\u00e1lnu mo\u017enos\u0165 ovplyvni\u0165 dianie okolo seba. Tento pocit vyl\u00fa\u010denia vedie k nez\u00e1ujmu o verejn\u00e9 z\u00e1le\u017eitosti, oslabeniu vz\u0165ahu ku komunite alebo a\u017e k tomu, \u017ee mlad\u00ed \u013eudia uva\u017euj\u00fa o odchode do zahrani\u010dia. Aktivitami projektu chceme t\u00fato situ\u00e1ciu zmeni\u0165 tak, \u017ee mlad\u00fdm \u013eu\u010fom poskytneme konkr\u00e9tne n\u00e1stroje, sk\u00fasenosti a priestor, ako sa zapoji\u0165 do spolo\u010densk\u00e9ho \u017eivota u\u017e teraz.<\/p>\n\n\n\n<p class=\"wp-block-paragraph\"> <\/p>\n\n\n<div class=\"wp-block-image\">\n<figure class=\"aligncenter size-large\"><img decoding=\"async\" width=\"1024\" height=\"585\" src=\"https:\/\/www.ruzinovmladym.sk\/wp-content\/uploads\/2025\/07\/04-1-1024x585.jpeg\" alt=\"\" class=\"wp-image-217\" srcset=\"https:\/\/www.ruzinovmladym.sk\/wp-content\/uploads\/2025\/07\/04-1-1024x585.jpeg 1024w, https:\/\/www.ruzinovmladym.sk\/wp-content\/uploads\/2025\/07\/04-1-300x172.jpeg 300w, https:\/\/www.ruzinovmladym.sk\/wp-content\/uploads\/2025\/07\/04-1-768x439.jpeg 768w, https:\/\/www.ruzinovmladym.sk\/wp-content\/uploads\/2025\/07\/04-1-1536x878.jpeg 1536w, https:\/\/www.ruzinovmladym.sk\/wp-content\/uploads\/2025\/07\/04-1-2048x1171.jpeg 2048w\" sizes=\"(max-width: 1024px) 100vw, 1024px\" \/><\/figure>\n<\/div>\n\n\n<p class=\"wp-block-paragraph\">  <\/p>\n\n\n\n<p class=\"wp-block-paragraph\">Jedn\u00fdm z d\u00f4le\u017eit\u00fdch aspektov projektu je rozvoj <strong>k\u013e\u00fa\u010dov\u00fdch kompetenci\u00ed mlad\u00fdch \u013eud\u00ed<\/strong>, ktor\u00e9 s\u00fa nevyhnutn\u00e9 pre ich akt\u00edvne a sebavedom\u00e9 zap\u00e1janie sa do verejn\u00e9ho \u017eivota. V priebehu aktiv\u00edt bud\u00fa mlad\u00ed \u00fa\u010dastn\u00edci rozv\u00edja\u0165 komunika\u010dn\u00e9 a prezenta\u010dn\u00e9 zru\u010dnosti, schopnos\u0165 pracova\u0165 v t\u00edme, rie\u0161i\u0165 probl\u00e9my, argumentova\u0165 \u010di vyjedn\u00e1va\u0165. Z\u00e1rove\u0148 z\u00edskaj\u00fa aj praktick\u00e9 vedomosti o fungovan\u00ed samospr\u00e1vy a demokratick\u00fdch procesoch, \u010do im pom\u00f4\u017ee lep\u0161ie porozumie\u0165 tomu, ako sa rozhodnutia prij\u00edmaj\u00fa a ako m\u00f4\u017eu do tohto procesu vstupova\u0165.<\/p>\n\n\n\n<p class=\"wp-block-paragraph\">V\u00fdsledkom projektu bude nielen komplexn\u00e1 <strong>koncepcia rozvoja pr\u00e1ce s ml\u00e1de\u017eou pre Ru\u017einov<\/strong>, ale aj vznik <strong>ml\u00e1de\u017en\u00edckej poradnej skupiny<\/strong>, ktor\u00e1 bude p\u00f4sobi\u0165 pri miestnej samospr\u00e1ve ako hlas mlad\u00fdch \u013eud\u00ed. T\u00e1to skupina sa stane d\u00f4le\u017eit\u00fdm partnerom pri pl\u00e1novan\u00ed a vyhodnocovan\u00ed polit\u00edk a opatren\u00ed, ktor\u00e9 sa t\u00fdkaj\u00fa mlad\u00fdch v mestskej \u010dasti. Ver\u00edme, \u017ee pr\u00e1ve takto sa d\u00e1 budova\u0165 d\u00f4vera, posilni\u0165 vz\u0165ah mlad\u00fdch k svojej komunite a vytvori\u0165 z\u00e1klad pre siln\u00fa, anga\u017eovan\u00fa a spolupracuj\u00facu ob\u010diansku spolo\u010dnos\u0165.<\/p>\n\n\n\n<p class=\"wp-block-paragraph\"><\/p>\n\n\n\n<p class=\"wp-block-paragraph\"><\/p>\n","protected":false},"excerpt":{"rendered":"<p>Projekt Ru\u017einov pre mlad\u00fdch vznikol ako odpove\u010f na dlhodobo n\u00edzku \u00fa\u010das\u0165 mlad\u00fdch \u013eud\u00ed na verejnom dian\u00ed a rozhodovac\u00edch procesoch v samospr\u00e1ve. Jeho cie\u013eom je posilni\u0165 ob\u010diansku anga\u017eovanos\u0165 mlad\u00fdch \u013eud\u00ed v mestskej \u010dasti Bratislava \u2013 Ru\u017einov a vytvori\u0165 podmienky na to, aby sa mlad\u00ed \u013eudia mohli akt\u00edvne a zmysluplne zap\u00e1ja\u0165 do rozhodnut\u00ed, ktor\u00e9 ovplyv\u0148uj\u00fa ich ka\u017edodenn\u00fd&hellip;&nbsp;<a href=\"https:\/\/www.ruzinovmladym.sk\/?page_id=87\" rel=\"bookmark\">\u010c\u00edta\u0165 viac &raquo;<span class=\"screen-reader-text\">O projekte<\/span><\/a><\/p>\n","protected":false},"author":1,"featured_media":66,"parent":0,"menu_order":0,"comment_status":"open","ping_status":"closed","template":"","meta":{"neve_meta_sidebar":"","neve_meta_container":"","neve_meta_enable_content_width":"","neve_meta_content_width":0,"neve_meta_title_alignment":"","neve_meta_author_avatar":"","neve_post_elements_order":"","neve_meta_disable_header":"","neve_meta_disable_footer":"","neve_meta_disable_title":"","footnotes":""},"class_list":["post-87","page","type-page","status-publish","has-post-thumbnail","hentry"],"_links":{"self":[{"href":"https:\/\/www.ruzinovmladym.sk\/index.php?rest_route=\/wp\/v2\/pages\/87","targetHints":{"allow":["GET"]}}],"collection":[{"href":"https:\/\/www.ruzinovmladym.sk\/index.php?rest_route=\/wp\/v2\/pages"}],"about":[{"href":"https:\/\/www.ruzinovmladym.sk\/index.php?rest_route=\/wp\/v2\/types\/page"}],"author":[{"embeddable":true,"href":"https:\/\/www.ruzinovmladym.sk\/index.php?rest_route=\/wp\/v2\/users\/1"}],"replies":[{"embeddable":true,"href":"https:\/\/www.ruzinovmladym.sk\/index.php?rest_route=%2Fwp%2Fv2%2Fcomments&post=87"}],"version-history":[{"count":5,"href":"https:\/\/www.ruzinovmladym.sk\/index.php?rest_route=\/wp\/v2\/pages\/87\/revisions"}],"predecessor-version":[{"id":223,"href":"https:\/\/www.ruzinovmladym.sk\/index.php?rest_route=\/wp\/v2\/pages\/87\/revisions\/223"}],"wp:featuredmedia":[{"embeddable":true,"href":"https:\/\/www.ruzinovmladym.sk\/index.php?rest_route=\/wp\/v2\/media\/66"}],"wp:attachment":[{"href":"https:\/\/www.ruzinovmladym.sk\/index.php?rest_route=%2Fwp%2Fv2%2Fmedia&parent=87"}],"curies":[{"name":"wp","href":"https:\/\/api.w.org\/{rel}","templated":true}]}}

<p class="wp-block-paragraph">Projekt <strong>Ružinov pre mladých </strong>vznikol ako odpoveď na dlhodobo nízku účasť mladých ľudí na verejnom dianí a rozhodovacích procesoch v samospráve. Jeho cieľom je posilniť občiansku angažovanosť mladých ľudí v mestskej časti Bratislava – Ružinov a vytvoriť podmienky na to, aby sa mladí ľudia mohli aktívne a zmysluplne zapájať do rozhodnutí, ktoré ovplyvňujú ich každodenný život. Základom projektu je presvedčenie, že mladí ľudia majú čo povedať a ich názory a potreby si zaslúžia byť vypočuté a zohľadnené.</p>



<p class="wp-block-paragraph">Projekt prebieha počas celého roka 2025 a pozostáva z aktivít, ktoré sú navrhnuté tak, aby mladí ľudia mohli postupne spoznávať, vyjadrovať sa a zapájať sa do rozhodovacích procesov v mestskej časti. Aktivity sú rozdelené do niekoľkých fáz – od zberu informácií a mapovania potrieb, cez vzdelávacie a diskusné podujatia, až po tvorbu strategického dokumentu a zdieľanie výsledkov so širokou verejnosťou. Každá z týchto fáz má svoj význam a prispieva k budovaniu silnejšieho hlasu mládeže v mestskej časti Bratislava – Ružinov.</p>


<div class="wp-block-image">
<figure class="aligncenter size-large"><img fetchpriority="high" decoding="async" width="1024" height="558" src="https://www.ruzinovmladym.sk/wp-content/uploads/2025/07/05-1024x558.jpg" alt="" class="wp-image-216" srcset="https://www.ruzinovmladym.sk/wp-content/uploads/2025/07/05-1024x558.jpg 1024w, https://www.ruzinovmladym.sk/wp-content/uploads/2025/07/05-300x164.jpg 300w, https://www.ruzinovmladym.sk/wp-content/uploads/2025/07/05-768x419.jpg 768w, https://www.ruzinovmladym.sk/wp-content/uploads/2025/07/05-1536x837.jpg 1536w, https://www.ruzinovmladym.sk/wp-content/uploads/2025/07/05-2048x1116.jpg 2048w" sizes="(max-width: 1024px) 100vw, 1024px" /></figure>
</div>


<p class="wp-block-paragraph">  </p>



<p class="wp-block-paragraph">V rámci projektu sa vytvára priestor na otvorený a konštruktívny dialóg medzi mladými ľuďmi a zástupcami samosprávy. Spoločne hľadáme odpovede na otázky, čo mladí ľudia v Ružinove potrebujú, aké majú predstavy o živote vo svojej komunite a ako by mohla samospráva reagovať na ich podnety. Okrem samotného dialógu je cieľom aj systematické zmapovanie potrieb mládeže a vytvorenie <strong>koncepcie rozvoja práce s mládežou</strong>, ktorá bude slúžiť ako praktický a strategický dokument pre ďalšie smerovanie mládežníckej politiky v mestskej časti.</p>



<p class="wp-block-paragraph">Projekt reaguje aj na zistenia z prieskumov, podľa ktorých mladí ľudia na Slovensku často necítia dôveru voči verejným inštitúciám, majú pocit, že ich hlas nemá váhu, a že nemajú reálnu možnosť ovplyvniť dianie okolo seba. Tento pocit vylúčenia vedie k nezáujmu o verejné záležitosti, oslabeniu vzťahu ku komunite alebo až k tomu, že mladí ľudia uvažujú o odchode do zahraničia. Aktivitami projektu chceme túto situáciu zmeniť tak, že mladým ľuďom poskytneme konkrétne nástroje, skúsenosti a priestor, ako sa zapojiť do spoločenského života už teraz.</p>



<p class="wp-block-paragraph"> </p>


<div class="wp-block-image">
<figure class="aligncenter size-large"><img decoding="async" width="1024" height="585" src="https://www.ruzinovmladym.sk/wp-content/uploads/2025/07/04-1-1024x585.jpeg" alt="" class="wp-image-217" srcset="https://www.ruzinovmladym.sk/wp-content/uploads/2025/07/04-1-1024x585.jpeg 1024w, https://www.ruzinovmladym.sk/wp-content/uploads/2025/07/04-1-300x172.jpeg 300w, https://www.ruzinovmladym.sk/wp-content/uploads/2025/07/04-1-768x439.jpeg 768w, https://www.ruzinovmladym.sk/wp-content/uploads/2025/07/04-1-1536x878.jpeg 1536w, https://www.ruzinovmladym.sk/wp-content/uploads/2025/07/04-1-2048x1171.jpeg 2048w" sizes="(max-width: 1024px) 100vw, 1024px" /></figure>
</div>


<p class="wp-block-paragraph">  </p>



<p class="wp-block-paragraph">Jedným z dôležitých aspektov projektu je rozvoj <strong>kľúčových kompetencií mladých ľudí</strong>, ktoré sú nevyhnutné pre ich aktívne a sebavedomé zapájanie sa do verejného života. V priebehu aktivít budú mladí účastníci rozvíjať komunikačné a prezentačné zručnosti, schopnosť pracovať v tíme, riešiť problémy, argumentovať či vyjednávať. Zároveň získajú aj praktické vedomosti o fungovaní samosprávy a demokratických procesoch, čo im pomôže lepšie porozumieť tomu, ako sa rozhodnutia prijímajú a ako môžu do tohto procesu vstupovať.</p>



<p class="wp-block-paragraph">Výsledkom projektu bude nielen komplexná <strong>koncepcia rozvoja práce s mládežou pre Ružinov</strong>, ale aj vznik <strong>mládežníckej poradnej skupiny</strong>, ktorá bude pôsobiť pri miestnej samospráve ako hlas mladých ľudí. Táto skupina sa stane dôležitým partnerom pri plánovaní a vyhodnocovaní politík a opatrení, ktoré sa týkajú mladých v mestskej časti. Veríme, že práve takto sa dá budovať dôvera, posilniť vzťah mladých k svojej komunite a vytvoriť základ pre silnú, angažovanú a spolupracujúcu občiansku spoločnosť.</p>



<p class="wp-block-paragraph"></p>



<p class="wp-block-paragraph"></p>

<p>Projekt Ružinov pre mladých vznikol ako odpoveď na dlhodobo nízku účasť mladých ľudí na verejnom dianí a rozhodovacích procesoch v samospráve. Jeho cieľom je posilniť občiansku angažovanosť mladých ľudí v mestskej časti Bratislava – Ružinov a vytvoriť podmienky na to, aby sa mladí ľudia mohli aktívne a zmysluplne zapájať do rozhodnutí, ktoré ovplyvňujú ich každodenný&hellip;&nbsp;<a href="https://www.ruzinovmladym.sk/?page_id=87" rel="bookmark">Čítať viac &raquo;<span class="screen-reader-text">O projekte</span></a></p>
