{"id":61,"date":"2025-05-15T20:10:47","date_gmt":"2025-05-15T20:10:47","guid":{"rendered":"https:\/\/www.ruzinovmladym.sk\/?page_id=61"},"modified":"2025-07-10T15:09:34","modified_gmt":"2025-07-10T15:09:34","slug":"mladi-ludia-a-samosprava","status":"publish","type":"page","link":"https:\/\/www.ruzinovmladym.sk\/?page_id=61","title":{"rendered":"Mlad\u00ed \u013eudia v samospr\u00e1ve"},"content":{"rendered":"\n<p class=\"wp-block-paragraph\">Na Slovensku je dlhodobo n\u00edzky z\u00e1ujem mlad\u00fdch \u013eud\u00ed zap\u00e1ja\u0165 sa do vec\u00ed verejn\u00fdch. Prieskumy ukazuj\u00fa, \u017ee mlad\u00ed \u013eudia ned\u00f4veruj\u00fa samospr\u00e1ve, nec\u00edtia sa by\u0165 s\u00fa\u010das\u0165ou komunity a vyh\u00fdbaj\u00fa sa zap\u00e1janiu do verejn\u00fdch z\u00e1le\u017eitost\u00ed.<\/p>\n\n\n\n<p class=\"wp-block-paragraph\">Jedn\u00fdm z hlavn\u00fdch d\u00f4vodov je ich <strong>pocit, \u017ee s\u00fa vyl\u00fa\u010den\u00ed z rozhodovania o veciach, ktor\u00e9 sa ich t\u00fdkaj\u00fa<\/strong> a \u017ee ich n\u00e1zory nie s\u00fa vypo\u010dut\u00e9. Tento pocit vedie k nez\u00e1ujmu o veci verejn\u00e9, strate vz\u0165ahu k miestu, kde \u017eij\u00fa, alebo k radikaliz\u00e1cii a pl\u00e1novaniu odchodu do zahrani\u010dia.<\/p>\n\n\n\n<p class=\"wp-block-paragraph\">Z\u00e1rove\u0148 sa v\u0161ak mlad\u00ed \u013eudia <strong>c\u00edtia by\u0165 dostato\u010dne zrel\u00ed na to, aby sa podie\u013eali na rozhodovan\u00ed, <\/strong>ak by im to bolo umo\u017enen\u00e9.<\/p>\n\n\n\n<p class=\"wp-block-paragraph\">Na druhej strane aj samospr\u00e1vy \u010delia v\u00fdzve, ako efekt\u00edvne za\u010dleni\u0165 n\u00e1zory mlad\u00fdch \u013eud\u00ed do svojich rozhodovac\u00edch procesov a ako zlep\u0161i\u0165 vz\u00e1jomn\u00fd dial\u00f3g s ml\u00e1de\u017eou.<\/p>\n\n\n<div class=\"wp-block-image\">\n<figure class=\"aligncenter size-large\"><img fetchpriority=\"high\" decoding=\"async\" width=\"1024\" height=\"768\" src=\"https:\/\/www.ruzinovmladym.sk\/wp-content\/uploads\/2025\/07\/08-1024x768.jpeg\" alt=\"\" class=\"wp-image-224\" srcset=\"https:\/\/www.ruzinovmladym.sk\/wp-content\/uploads\/2025\/07\/08-1024x768.jpeg 1024w, https:\/\/www.ruzinovmladym.sk\/wp-content\/uploads\/2025\/07\/08-300x225.jpeg 300w, https:\/\/www.ruzinovmladym.sk\/wp-content\/uploads\/2025\/07\/08-768x576.jpeg 768w, https:\/\/www.ruzinovmladym.sk\/wp-content\/uploads\/2025\/07\/08-1536x1152.jpeg 1536w, https:\/\/www.ruzinovmladym.sk\/wp-content\/uploads\/2025\/07\/08.jpeg 2048w\" sizes=\"(max-width: 1024px) 100vw, 1024px\" \/><\/figure>\n<\/div>\n\n\n<p class=\"wp-block-paragraph\"> <\/p>\n\n\n\n<h2 class=\"wp-block-heading\">N\u00e1\u0161 cie\u013e<\/h2>\n\n\n\n<p class=\"wp-block-paragraph\">Ru\u017einov pre mlad\u00fdch je projekt podporen\u00fd z programu Erasmus+ pre ml\u00e1de\u017e a \u0161port, ktor\u00e9ho cie\u013eom je rozvin\u00fa\u0165 k\u013e\u00fa\u010dov\u00e9 kompetencie mlad\u00fdch \u013eud\u00ed tak, aby sa <strong>zv\u00fd\u0161ila ich schopnos\u0165 participova\u0165 na rozhodovac\u00edch procesoch v samospr\u00e1ve.<\/strong><\/p>\n\n\n\n<p class=\"wp-block-paragraph\">Projekt je zameran\u00fd na rozvoj t\u00fdch k\u013e\u00fa\u010dov\u00fdch kompetenci\u00ed, ktor\u00e9 s\u00fa nevyhnutn\u00e9 pre \u00faspe\u0161n\u00fa \u00fa\u010das\u0165 na rozhodovan\u00ed v samospr\u00e1ve, ako s\u00fa prezenta\u010dn\u00e9 zru\u010dnosti, t\u00edmov\u00e1 pr\u00e1ca, vyjedn\u00e1vanie a znalosti o fungovan\u00ed miestnych in\u0161tit\u00faci\u00ed\u2026 Tieto zru\u010dnosti mlad\u00fdm \u013eu\u010fom umo\u017enia akt\u00edvne sa zapoji\u0165 do verejn\u00fdch z\u00e1le\u017eitost\u00ed a posilnia ich sebad\u00f4veru pri komunik\u00e1cii so z\u00e1stupcami samospr\u00e1vy.<\/p>\n\n\n\n<p class=\"wp-block-paragraph\">Projekt prinesie lep\u0161ie pochopenie potrieb mlad\u00fdch \u013eud\u00ed, zlep\u0161\u00ed komunik\u00e1ciu so samospr\u00e1vou a zv\u00fd\u0161i d\u00f4veru mlad\u00fdch \u013eud\u00ed v miestne in\u0161tit\u00facie. Z\u00e1rove\u0148 sa realiz\u00e1ciou projektu posiln\u00ed d\u00f4vera mlad\u00fdch \u013eud\u00ed v miestne in\u0161tit\u00facie a na vytvoria efekt\u00edvne komunika\u010dn\u00e9 kan\u00e1ly medzi mlad\u00fdmi a miestnymi z\u00e1stupcami. V dlhodobom horizonte prispeje k posilneniu soci\u00e1lnej s\u00fadr\u017enosti a budovaniu lep\u0161\u00edch vz\u0165ahov medzi mlad\u00fdmi \u013eu\u010fmi a samospr\u00e1vou, \u010do povedie k vytvoreniu prostredia, kde sa mlad\u00ed \u013eudia bud\u00fa c\u00edti\u0165 podporovan\u00ed a zapojen\u00ed.<\/p>\n\n\n<div class=\"wp-block-image\">\n<figure class=\"aligncenter size-large\"><img decoding=\"async\" width=\"1024\" height=\"768\" src=\"https:\/\/www.ruzinovmladym.sk\/wp-content\/uploads\/2025\/07\/IMG_3320-1024x768.jpeg\" alt=\"\" class=\"wp-image-225\" srcset=\"https:\/\/www.ruzinovmladym.sk\/wp-content\/uploads\/2025\/07\/IMG_3320-1024x768.jpeg 1024w, https:\/\/www.ruzinovmladym.sk\/wp-content\/uploads\/2025\/07\/IMG_3320-300x225.jpeg 300w, https:\/\/www.ruzinovmladym.sk\/wp-content\/uploads\/2025\/07\/IMG_3320-768x576.jpeg 768w, https:\/\/www.ruzinovmladym.sk\/wp-content\/uploads\/2025\/07\/IMG_3320-1536x1152.jpeg 1536w, https:\/\/www.ruzinovmladym.sk\/wp-content\/uploads\/2025\/07\/IMG_3320.jpeg 2048w\" sizes=\"(max-width: 1024px) 100vw, 1024px\" \/><\/figure>\n<\/div>\n\n\n<p class=\"wp-block-paragraph\"><\/p>\n","protected":false},"excerpt":{"rendered":"<p>Na Slovensku je dlhodobo n\u00edzky z\u00e1ujem mlad\u00fdch \u013eud\u00ed zap\u00e1ja\u0165 sa do vec\u00ed verejn\u00fdch. Prieskumy ukazuj\u00fa, \u017ee mlad\u00ed \u013eudia ned\u00f4veruj\u00fa samospr\u00e1ve, nec\u00edtia sa by\u0165 s\u00fa\u010das\u0165ou komunity a vyh\u00fdbaj\u00fa sa zap\u00e1janiu do verejn\u00fdch z\u00e1le\u017eitost\u00ed. Jedn\u00fdm z hlavn\u00fdch d\u00f4vodov je ich pocit, \u017ee s\u00fa vyl\u00fa\u010den\u00ed z rozhodovania o veciach, ktor\u00e9 sa ich t\u00fdkaj\u00fa a \u017ee ich n\u00e1zory nie&hellip;&nbsp;<a href=\"https:\/\/www.ruzinovmladym.sk\/?page_id=61\" rel=\"bookmark\">\u010c\u00edta\u0165 viac &raquo;<span class=\"screen-reader-text\">Mlad\u00ed \u013eudia v samospr\u00e1ve<\/span><\/a><\/p>\n","protected":false},"author":1,"featured_media":64,"parent":0,"menu_order":0,"comment_status":"open","ping_status":"closed","template":"elementor_theme","meta":{"neve_meta_sidebar":"","neve_meta_container":"","neve_meta_enable_content_width":"","neve_meta_content_width":0,"neve_meta_title_alignment":"","neve_meta_author_avatar":"","neve_post_elements_order":"","neve_meta_disable_header":"","neve_meta_disable_footer":"","neve_meta_disable_title":"","footnotes":""},"class_list":["post-61","page","type-page","status-publish","has-post-thumbnail","hentry"],"_links":{"self":[{"href":"https:\/\/www.ruzinovmladym.sk\/index.php?rest_route=\/wp\/v2\/pages\/61","targetHints":{"allow":["GET"]}}],"collection":[{"href":"https:\/\/www.ruzinovmladym.sk\/index.php?rest_route=\/wp\/v2\/pages"}],"about":[{"href":"https:\/\/www.ruzinovmladym.sk\/index.php?rest_route=\/wp\/v2\/types\/page"}],"author":[{"embeddable":true,"href":"https:\/\/www.ruzinovmladym.sk\/index.php?rest_route=\/wp\/v2\/users\/1"}],"replies":[{"embeddable":true,"href":"https:\/\/www.ruzinovmladym.sk\/index.php?rest_route=%2Fwp%2Fv2%2Fcomments&post=61"}],"version-history":[{"count":7,"href":"https:\/\/www.ruzinovmladym.sk\/index.php?rest_route=\/wp\/v2\/pages\/61\/revisions"}],"predecessor-version":[{"id":227,"href":"https:\/\/www.ruzinovmladym.sk\/index.php?rest_route=\/wp\/v2\/pages\/61\/revisions\/227"}],"wp:featuredmedia":[{"embeddable":true,"href":"https:\/\/www.ruzinovmladym.sk\/index.php?rest_route=\/wp\/v2\/media\/64"}],"wp:attachment":[{"href":"https:\/\/www.ruzinovmladym.sk\/index.php?rest_route=%2Fwp%2Fv2%2Fmedia&parent=61"}],"curies":[{"name":"wp","href":"https:\/\/api.w.org\/{rel}","templated":true}]}}

Mladí ľudia v samospráve

<p class="wp-block-paragraph">Na Slovensku je dlhodobo nízky záujem mladých ľudí zapájať sa do vecí verejných. Prieskumy ukazujú, že mladí ľudia nedôverujú samospráve, necítia sa byť súčasťou komunity a vyhýbajú sa zapájaniu do verejných záležitostí.</p>



<p class="wp-block-paragraph">Jedným z hlavných dôvodov je ich <strong>pocit, že sú vylúčení z rozhodovania o veciach, ktoré sa ich týkajú</strong> a že ich názory nie sú vypočuté. Tento pocit vedie k nezáujmu o veci verejné, strate vzťahu k miestu, kde žijú, alebo k radikalizácii a plánovaniu odchodu do zahraničia.</p>



<p class="wp-block-paragraph">Zároveň sa však mladí ľudia <strong>cítia byť dostatočne zrelí na to, aby sa podieľali na rozhodovaní, </strong>ak by im to bolo umožnené.</p>



<p class="wp-block-paragraph">Na druhej strane aj samosprávy čelia výzve, ako efektívne začleniť názory mladých ľudí do svojich rozhodovacích procesov a ako zlepšiť vzájomný dialóg s mládežou.</p>


<div class="wp-block-image">
<figure class="aligncenter size-large"><img fetchpriority="high" decoding="async" width="1024" height="768" src="https://www.ruzinovmladym.sk/wp-content/uploads/2025/07/08-1024x768.jpeg" alt="" class="wp-image-224" srcset="https://www.ruzinovmladym.sk/wp-content/uploads/2025/07/08-1024x768.jpeg 1024w, https://www.ruzinovmladym.sk/wp-content/uploads/2025/07/08-300x225.jpeg 300w, https://www.ruzinovmladym.sk/wp-content/uploads/2025/07/08-768x576.jpeg 768w, https://www.ruzinovmladym.sk/wp-content/uploads/2025/07/08-1536x1152.jpeg 1536w, https://www.ruzinovmladym.sk/wp-content/uploads/2025/07/08.jpeg 2048w" sizes="(max-width: 1024px) 100vw, 1024px" /></figure>
</div>


<p class="wp-block-paragraph"> </p>



<h2 class="wp-block-heading">Náš cieľ</h2>



<p class="wp-block-paragraph">Ružinov pre mladých je projekt podporený z programu Erasmus+ pre mládež a šport, ktorého cieľom je rozvinúť kľúčové kompetencie mladých ľudí tak, aby sa <strong>zvýšila ich schopnosť participovať na rozhodovacích procesoch v samospráve.</strong></p>



<p class="wp-block-paragraph">Projekt je zameraný na rozvoj tých kľúčových kompetencií, ktoré sú nevyhnutné pre úspešnú účasť na rozhodovaní v samospráve, ako sú prezentačné zručnosti, tímová práca, vyjednávanie a znalosti o fungovaní miestnych inštitúcií… Tieto zručnosti mladým ľuďom umožnia aktívne sa zapojiť do verejných záležitostí a posilnia ich sebadôveru pri komunikácii so zástupcami samosprávy.</p>



<p class="wp-block-paragraph">Projekt prinesie lepšie pochopenie potrieb mladých ľudí, zlepší komunikáciu so samosprávou a zvýši dôveru mladých ľudí v miestne inštitúcie. Zároveň sa realizáciou projektu posilní dôvera mladých ľudí v miestne inštitúcie a na vytvoria efektívne komunikačné kanály medzi mladými a miestnymi zástupcami. V dlhodobom horizonte prispeje k posilneniu sociálnej súdržnosti a budovaniu lepších vzťahov medzi mladými ľuďmi a samosprávou, čo povedie k vytvoreniu prostredia, kde sa mladí ľudia budú cítiť podporovaní a zapojení.</p>


<div class="wp-block-image">
<figure class="aligncenter size-large"><img decoding="async" width="1024" height="768" src="https://www.ruzinovmladym.sk/wp-content/uploads/2025/07/IMG_3320-1024x768.jpeg" alt="" class="wp-image-225" srcset="https://www.ruzinovmladym.sk/wp-content/uploads/2025/07/IMG_3320-1024x768.jpeg 1024w, https://www.ruzinovmladym.sk/wp-content/uploads/2025/07/IMG_3320-300x225.jpeg 300w, https://www.ruzinovmladym.sk/wp-content/uploads/2025/07/IMG_3320-768x576.jpeg 768w, https://www.ruzinovmladym.sk/wp-content/uploads/2025/07/IMG_3320-1536x1152.jpeg 1536w, https://www.ruzinovmladym.sk/wp-content/uploads/2025/07/IMG_3320.jpeg 2048w" sizes="(max-width: 1024px) 100vw, 1024px" /></figure>
</div>


<p class="wp-block-paragraph"></p>

<p>Na Slovensku je dlhodobo nízky záujem mladých ľudí zapájať sa do vecí verejných. Prieskumy ukazujú, že mladí ľudia nedôverujú samospráve, necítia sa byť súčasťou komunity a vyhýbajú sa zapájaniu do verejných záležitostí. Jedným z hlavných dôvodov je ich pocit, že sú vylúčení z rozhodovania o veciach, ktoré sa ich týkajú a že ich názory nie&hellip;&nbsp;<a href="https://www.ruzinovmladym.sk/?page_id=61" rel="bookmark">Čítať viac &raquo;<span class="screen-reader-text">Mladí ľudia v samospráve</span></a></p>
