{"id":199,"date":"2025-07-10T14:50:52","date_gmt":"2025-07-10T14:50:52","guid":{"rendered":"https:\/\/www.ruzinovmladym.sk\/?page_id=199"},"modified":"2026-01-13T14:02:39","modified_gmt":"2026-01-13T14:02:39","slug":"o-nas","status":"publish","type":"page","link":"https:\/\/www.ruzinovmladym.sk\/?page_id=199","title":{"rendered":"O n\u00e1s"},"content":{"rendered":"\n<p class=\"wp-block-paragraph\"><strong>Asoci\u00e1cia pre neform\u00e1lne vzdel\u00e1vanie<\/strong> je ob\u010dianske zdru\u017eenie, ktor\u00e9 sa zameriava na podporu neform\u00e1lneho vzdel\u00e1vania, rozvoj ob\u010dianskej particip\u00e1cie a vytv\u00e1ranie pr\u00edle\u017eitost\u00ed pre mlad\u00fdch \u013eud\u00ed. Jej cie\u013eom je prep\u00e1ja\u0165 mlad\u00fdch \u013eud\u00ed so samospr\u00e1vami, podporova\u0165 ich akt\u00edvne zap\u00e1janie do verejn\u00e9ho diania a rozv\u00edja\u0165 ich k\u013e\u00fa\u010dov\u00e9 kompetencie potrebn\u00e9 pre ob\u010diansky \u017eivot.<\/p>\n\n\n<div class=\"wp-block-image\">\n<figure class=\"aligncenter size-large\"><img fetchpriority=\"high\" decoding=\"async\" width=\"1024\" height=\"580\" src=\"https:\/\/www.ruzinovmladym.sk\/wp-content\/uploads\/2025\/07\/03-1024x580.png\" alt=\"\" class=\"wp-image-200\" srcset=\"https:\/\/www.ruzinovmladym.sk\/wp-content\/uploads\/2025\/07\/03-1024x580.png 1024w, https:\/\/www.ruzinovmladym.sk\/wp-content\/uploads\/2025\/07\/03-300x170.png 300w, https:\/\/www.ruzinovmladym.sk\/wp-content\/uploads\/2025\/07\/03-768x435.png 768w, https:\/\/www.ruzinovmladym.sk\/wp-content\/uploads\/2025\/07\/03.png 1119w\" sizes=\"(max-width: 1024px) 100vw, 1024px\" \/><\/figure>\n<\/div>\n\n\n<p class=\"wp-block-paragraph\"><\/p>\n\n\n\n<p class=\"wp-block-paragraph\">Organiz\u00e1cia pracuje dlhodobo najm\u00e4 s \u010dlenmi \u0161kolsk\u00fdch parlamentov a s mlad\u00fdmi \u013eu\u010fmi na lok\u00e1lnej \u00farovni. Realizuje workshopy, diskusie a participat\u00edvne procesy, v ktor\u00fdch sa mlad\u00ed \u013eudia u\u010dia rozumie\u0165 fungovaniu samospr\u00e1vy, formulova\u0165 n\u00e1vrhy a komunikova\u0165 ich verejn\u00fdm \u010dinite\u013eom. D\u00f4le\u017eitou s\u00fa\u010das\u0165ou pr\u00e1ce Asoci\u00e1cie je aj podpora z\u00e1stupcov samospr\u00e1vy pri vytv\u00e1ran\u00ed koncepci\u00ed pr\u00e1ce s ml\u00e1de\u017eou, ktor\u00e9 vych\u00e1dzaj\u00fa z potrieb mlad\u00fdch \u013eud\u00ed.<\/p>\n\n\n\n<p class=\"wp-block-paragraph\"><\/p>\n\n\n<div class=\"wp-block-image\">\n<figure class=\"aligncenter size-large\"><img decoding=\"async\" width=\"1024\" height=\"479\" src=\"https:\/\/www.ruzinovmladym.sk\/wp-content\/uploads\/2025\/07\/02-1024x479.png\" alt=\"\" class=\"wp-image-201\" srcset=\"https:\/\/www.ruzinovmladym.sk\/wp-content\/uploads\/2025\/07\/02-1024x479.png 1024w, https:\/\/www.ruzinovmladym.sk\/wp-content\/uploads\/2025\/07\/02-300x140.png 300w, https:\/\/www.ruzinovmladym.sk\/wp-content\/uploads\/2025\/07\/02-768x359.png 768w, https:\/\/www.ruzinovmladym.sk\/wp-content\/uploads\/2025\/07\/02.png 1078w\" sizes=\"(max-width: 1024px) 100vw, 1024px\" \/><\/figure>\n<\/div>\n\n\n<p class=\"wp-block-paragraph\"><\/p>\n\n\n\n<p class=\"wp-block-paragraph\">V uplynul\u00fdch rokoch Asoci\u00e1cia realizovala napr\u00edklad projekt <strong>Petr\u017ealka o\u010dami mlad\u00fdch<\/strong>, podporen\u00fd z programu Erasmus+, v ktorom sa podarilo zapoji\u0165 stovky mlad\u00fdch \u013eud\u00ed a vytvori\u0165 kvalitn\u00fd v\u00fdstup v podobe publik\u00e1cie a odpor\u00fa\u010dan\u00ed pre miestnu samospr\u00e1vu. V roku 2023 pokra\u010dovala v rozvoji \u0161kolsk\u00fdch parlamentov a participat\u00edvnych rozpo\u010dtov na z\u00e1kladn\u00fdch \u0161kol\u00e1ch v Bratislave, ako aj v aktivit\u00e1ch zameran\u00fdch na zis\u0165ovanie potrieb ml\u00e1de\u017ee v \u010fal\u0161\u00edch mest\u00e1ch, ako napr\u00edklad v Senci.<\/p>\n\n\n<div class=\"wp-block-image\">\n<figure class=\"aligncenter size-full\"><img decoding=\"async\" width=\"971\" height=\"585\" src=\"https:\/\/www.ruzinovmladym.sk\/wp-content\/uploads\/2025\/07\/04.png\" alt=\"\" class=\"wp-image-203\" srcset=\"https:\/\/www.ruzinovmladym.sk\/wp-content\/uploads\/2025\/07\/04.png 971w, https:\/\/www.ruzinovmladym.sk\/wp-content\/uploads\/2025\/07\/04-300x181.png 300w, https:\/\/www.ruzinovmladym.sk\/wp-content\/uploads\/2025\/07\/04-768x463.png 768w\" sizes=\"(max-width: 971px) 100vw, 971px\" \/><\/figure>\n<\/div>\n\n\n<p class=\"wp-block-paragraph\"><\/p>\n\n\n\n<p class=\"wp-block-paragraph\">Asoci\u00e1cia akt\u00edvne prep\u00e1ja pr\u00e1cu s ml\u00e1de\u017eou, particip\u00e1ciu a vzdel\u00e1vanie v s\u00falade s princ\u00edpmi inkl\u00fazie, udr\u017eate\u013en\u00e9ho rozvoja a podpory demokratick\u00fdch hodn\u00f4t. Vo v\u0161etk\u00fdch aktivit\u00e1ch kladie d\u00f4raz na po\u010d\u00favanie mlad\u00fdch \u013eud\u00ed a re\u0161pektovanie ich poh\u013eadov \u2013 tak, aby vedeli, \u017ee na ich n\u00e1zore z\u00e1le\u017e\u00ed.<\/p>\n\n\n\n<p class=\"wp-block-paragraph\"><\/p>\n\n\n<div class=\"wp-block-image\">\n<figure class=\"aligncenter size-large\"><img loading=\"lazy\" decoding=\"async\" width=\"1024\" height=\"579\" src=\"https:\/\/www.ruzinovmladym.sk\/wp-content\/uploads\/2025\/07\/01-1024x579.png\" alt=\"\" class=\"wp-image-204\" srcset=\"https:\/\/www.ruzinovmladym.sk\/wp-content\/uploads\/2025\/07\/01-1024x579.png 1024w, https:\/\/www.ruzinovmladym.sk\/wp-content\/uploads\/2025\/07\/01-300x170.png 300w, https:\/\/www.ruzinovmladym.sk\/wp-content\/uploads\/2025\/07\/01-768x434.png 768w, https:\/\/www.ruzinovmladym.sk\/wp-content\/uploads\/2025\/07\/01.png 1080w\" sizes=\"(max-width: 1024px) 100vw, 1024px\" \/><\/figure>\n<\/div>","protected":false},"excerpt":{"rendered":"<p>Asoci\u00e1cia pre neform\u00e1lne vzdel\u00e1vanie je ob\u010dianske zdru\u017eenie, ktor\u00e9 sa zameriava na podporu neform\u00e1lneho vzdel\u00e1vania, rozvoj ob\u010dianskej particip\u00e1cie a vytv\u00e1ranie pr\u00edle\u017eitost\u00ed pre mlad\u00fdch \u013eud\u00ed. Jej cie\u013eom je prep\u00e1ja\u0165 mlad\u00fdch \u013eud\u00ed so samospr\u00e1vami, podporova\u0165 ich akt\u00edvne zap\u00e1janie do verejn\u00e9ho diania a rozv\u00edja\u0165 ich k\u013e\u00fa\u010dov\u00e9 kompetencie potrebn\u00e9 pre ob\u010diansky \u017eivot. Organiz\u00e1cia pracuje dlhodobo najm\u00e4 s \u010dlenmi \u0161kolsk\u00fdch parlamentov&hellip;&nbsp;<a href=\"https:\/\/www.ruzinovmladym.sk\/?page_id=199\" rel=\"bookmark\">\u010c\u00edta\u0165 viac &raquo;<span class=\"screen-reader-text\">O n\u00e1s<\/span><\/a><\/p>\n","protected":false},"author":1,"featured_media":66,"parent":0,"menu_order":0,"comment_status":"closed","ping_status":"closed","template":"","meta":{"neve_meta_sidebar":"","neve_meta_container":"","neve_meta_enable_content_width":"","neve_meta_content_width":0,"neve_meta_title_alignment":"","neve_meta_author_avatar":"","neve_post_elements_order":"","neve_meta_disable_header":"","neve_meta_disable_footer":"","neve_meta_disable_title":"","footnotes":""},"class_list":["post-199","page","type-page","status-publish","has-post-thumbnail","hentry"],"_links":{"self":[{"href":"https:\/\/www.ruzinovmladym.sk\/index.php?rest_route=\/wp\/v2\/pages\/199","targetHints":{"allow":["GET"]}}],"collection":[{"href":"https:\/\/www.ruzinovmladym.sk\/index.php?rest_route=\/wp\/v2\/pages"}],"about":[{"href":"https:\/\/www.ruzinovmladym.sk\/index.php?rest_route=\/wp\/v2\/types\/page"}],"author":[{"embeddable":true,"href":"https:\/\/www.ruzinovmladym.sk\/index.php?rest_route=\/wp\/v2\/users\/1"}],"replies":[{"embeddable":true,"href":"https:\/\/www.ruzinovmladym.sk\/index.php?rest_route=%2Fwp%2Fv2%2Fcomments&post=199"}],"version-history":[{"count":7,"href":"https:\/\/www.ruzinovmladym.sk\/index.php?rest_route=\/wp\/v2\/pages\/199\/revisions"}],"predecessor-version":[{"id":309,"href":"https:\/\/www.ruzinovmladym.sk\/index.php?rest_route=\/wp\/v2\/pages\/199\/revisions\/309"}],"wp:featuredmedia":[{"embeddable":true,"href":"https:\/\/www.ruzinovmladym.sk\/index.php?rest_route=\/wp\/v2\/media\/66"}],"wp:attachment":[{"href":"https:\/\/www.ruzinovmladym.sk\/index.php?rest_route=%2Fwp%2Fv2%2Fmedia&parent=199"}],"curies":[{"name":"wp","href":"https:\/\/api.w.org\/{rel}","templated":true}]}}

O nás

<p class="wp-block-paragraph"><strong>Asociácia pre neformálne vzdelávanie</strong> je občianske združenie, ktoré sa zameriava na podporu neformálneho vzdelávania, rozvoj občianskej participácie a vytváranie príležitostí pre mladých ľudí. Jej cieľom je prepájať mladých ľudí so samosprávami, podporovať ich aktívne zapájanie do verejného diania a rozvíjať ich kľúčové kompetencie potrebné pre občiansky život.</p>


<div class="wp-block-image">
<figure class="aligncenter size-large"><img fetchpriority="high" decoding="async" width="1024" height="580" src="https://www.ruzinovmladym.sk/wp-content/uploads/2025/07/03-1024x580.png" alt="" class="wp-image-200" srcset="https://www.ruzinovmladym.sk/wp-content/uploads/2025/07/03-1024x580.png 1024w, https://www.ruzinovmladym.sk/wp-content/uploads/2025/07/03-300x170.png 300w, https://www.ruzinovmladym.sk/wp-content/uploads/2025/07/03-768x435.png 768w, https://www.ruzinovmladym.sk/wp-content/uploads/2025/07/03.png 1119w" sizes="(max-width: 1024px) 100vw, 1024px" /></figure>
</div>


<p class="wp-block-paragraph"></p>



<p class="wp-block-paragraph">Organizácia pracuje dlhodobo najmä s členmi školských parlamentov a s mladými ľuďmi na lokálnej úrovni. Realizuje workshopy, diskusie a participatívne procesy, v ktorých sa mladí ľudia učia rozumieť fungovaniu samosprávy, formulovať návrhy a komunikovať ich verejným činiteľom. Dôležitou súčasťou práce Asociácie je aj podpora zástupcov samosprávy pri vytváraní koncepcií práce s mládežou, ktoré vychádzajú z potrieb mladých ľudí.</p>



<p class="wp-block-paragraph"></p>


<div class="wp-block-image">
<figure class="aligncenter size-large"><img decoding="async" width="1024" height="479" src="https://www.ruzinovmladym.sk/wp-content/uploads/2025/07/02-1024x479.png" alt="" class="wp-image-201" srcset="https://www.ruzinovmladym.sk/wp-content/uploads/2025/07/02-1024x479.png 1024w, https://www.ruzinovmladym.sk/wp-content/uploads/2025/07/02-300x140.png 300w, https://www.ruzinovmladym.sk/wp-content/uploads/2025/07/02-768x359.png 768w, https://www.ruzinovmladym.sk/wp-content/uploads/2025/07/02.png 1078w" sizes="(max-width: 1024px) 100vw, 1024px" /></figure>
</div>


<p class="wp-block-paragraph"></p>



<p class="wp-block-paragraph">V uplynulých rokoch Asociácia realizovala napríklad projekt <strong>Petržalka očami mladých</strong>, podporený z programu Erasmus+, v ktorom sa podarilo zapojiť stovky mladých ľudí a vytvoriť kvalitný výstup v podobe publikácie a odporúčaní pre miestnu samosprávu. V roku 2023 pokračovala v rozvoji školských parlamentov a participatívnych rozpočtov na základných školách v Bratislave, ako aj v aktivitách zameraných na zisťovanie potrieb mládeže v ďalších mestách, ako napríklad v Senci.</p>


<div class="wp-block-image">
<figure class="aligncenter size-full"><img decoding="async" width="971" height="585" src="https://www.ruzinovmladym.sk/wp-content/uploads/2025/07/04.png" alt="" class="wp-image-203" srcset="https://www.ruzinovmladym.sk/wp-content/uploads/2025/07/04.png 971w, https://www.ruzinovmladym.sk/wp-content/uploads/2025/07/04-300x181.png 300w, https://www.ruzinovmladym.sk/wp-content/uploads/2025/07/04-768x463.png 768w" sizes="(max-width: 971px) 100vw, 971px" /></figure>
</div>


<p class="wp-block-paragraph"></p>



<p class="wp-block-paragraph">Asociácia aktívne prepája prácu s mládežou, participáciu a vzdelávanie v súlade s princípmi inklúzie, udržateľného rozvoja a podpory demokratických hodnôt. Vo všetkých aktivitách kladie dôraz na počúvanie mladých ľudí a rešpektovanie ich pohľadov – tak, aby vedeli, že na ich názore záleží.</p>



<p class="wp-block-paragraph"></p>


<div class="wp-block-image">
<figure class="aligncenter size-large"><img loading="lazy" decoding="async" width="1024" height="579" src="https://www.ruzinovmladym.sk/wp-content/uploads/2025/07/01-1024x579.png" alt="" class="wp-image-204" srcset="https://www.ruzinovmladym.sk/wp-content/uploads/2025/07/01-1024x579.png 1024w, https://www.ruzinovmladym.sk/wp-content/uploads/2025/07/01-300x170.png 300w, https://www.ruzinovmladym.sk/wp-content/uploads/2025/07/01-768x434.png 768w, https://www.ruzinovmladym.sk/wp-content/uploads/2025/07/01.png 1080w" sizes="(max-width: 1024px) 100vw, 1024px" /></figure>
</div>

<p>Asociácia pre neformálne vzdelávanie je občianske združenie, ktoré sa zameriava na podporu neformálneho vzdelávania, rozvoj občianskej participácie a vytváranie príležitostí pre mladých ľudí. Jej cieľom je prepájať mladých ľudí so samosprávami, podporovať ich aktívne zapájanie do verejného diania a rozvíjať ich kľúčové kompetencie potrebné pre občiansky život. Organizácia pracuje dlhodobo najmä s členmi školských parlamentov&hellip;&nbsp;<a href="https://www.ruzinovmladym.sk/?page_id=199" rel="bookmark">Čítať viac &raquo;<span class="screen-reader-text">O nás</span></a></p>
